10) + 56 + (6 - (-2 + -5))?
65
-78 + 40 + -116 + (37 - -12)
-105
What is the value of -2 - (2 - (-39 - (-13 + 6 + -7)))?
-29
24 + -52 + 10 - -41
23
What is -51 + (36 + -41 - 26 - (-19 - -3))?
-66
Evaluate (16 + -12 - (-8 + 0) - 9) + 5.
8
12 + (-44 - (-18 - -15))
-29
What is the value of (-256 - -306 - (8 + 2)) + (1 - -7) + 3?
51
What is 19 - (12 - (-26 + 15 - -16))?
12
What is (-1 - (-68 - -32)) + 17?
52
What is the value of 1 + 14 + 2 - (469 - 486) - (-1 - -2)?
33
-8 + -3 - -15 - (7 - (0 + 1))
-2
Calculate -69 + 124 + -31 + -3.
21
What is (-13 - -19 - 22 - -76) + -1 + -10?
49
What is the value of 8 - (55 + 13 + -20 + -18)?
-22
What is -43 + 26 + 3 - (71 + 5)?
-90
What is -153 + 174 - (-4 - (1 + (3 - 2)))?
27
Evaluate -19 - (-9 + 11 + -9 + 28).
-40
Calculate 16 + (-10 - -45 - 22) + -12.
17
What is the value of -123 + 194 - 43 - 11?
17
What is (13 - 1 - (-4 + 21)) + (3 - (3 + -3))?
-2
What is the value of 3 + (5 - 0) + -68 + 114 + -56?
-2
(-497 - -487) + 2 + 2
-6
Evaluate (-24 - 1) + (-16 - (-8 - -1)).
-34
What is -2 + (0 + 14 - (2 - -8) - (0 + 5))?
-3
What is the value of 75 - 83 - (7 - 6 - (-3 + 2))?
-10
Calculate 13 - (-40 - 21 - -4 - 42).
112
-16 + 20 + -22 + 176 + -98
60
-147 + (-83 - -122) - (0 + -33)
-75
What is the value of 1 - -23 - (705 - 670)?
-11
Evaluate 0 + (18 - ((11 - 8) + 3) - -33) + 2.
47
What is (-24 - -19) + -70 + (-8 - -7) + 15?
-61
Evaluate -1 + -27 - (52 + (15 - (23 - -28))).
-44
Calculate 30 + 139 + -237 - 85.
-153
What is the value of -11 + (8 + -2 - -12) + (-11 - -101)?
97
What is (6013 - 5999 - (-2 + 1 - 126)) + -12?
129
Calculate 21 - (2 + -2 + 1 + (-4535 - -4525)).
30
What is -15 + 57 - (-11 - (-14 - -3 - 4))?
38
What is 35 - (3 + 6 - (-168 + 157))?
15
What is (23 - ((1 - 6 - -12) + -10 + 13)) + 2?
15
(-3 - (8 + 21 + -6)) + (-4 - -5)
-25
What is -31 - -12 - (-116 + 145)?
-48
-86 - (11 - 26) - (2 - (4 + -4 + 2))
-71
What is 13 - (-106 - (-105 - -48))?
62
What is (504 - 420) + 7 + -72?
19
Calculate -149 + (-37 - -122 - -7).
-57
Calculate (-1 + -3 - (28 + -126 + 10 + 4)) + 7.
87
What is the value of -3 + (16 - 2) + (-10 - 30 - -46)?
17
What is the value of -115 + (32 - (-7 - -48) - 15)?
-139
(32 - (29 + -14)) + 16 + -1
32
What is the value of (20 - 45) + (-8 - -10)?
-23
What is the value of -5 - (21 - 3 - (52 - 26))?
3
What is (5 - 114) + (55 - -37)?
-17
What is (-1 - 16 - 1) + 280 + -227?
35
What is -142 + (30 - 45) + 10 - -37?
-110
Calculate (-24 - (-1 + -20 + (14 - 3))) + 81.
67
What is 32 + 45 - (-45 - -178)?
-56
Evaluate (-48 - 30 - -58) + 19.
-1
What is (7 - -2) + (9 + -12 - -22) - (0 + -5)?
33
117 - (-118 - (-177 - 19))
39
Calculate (-884 - -906) + (38 - -5).
65
Evaluate -27 + (-53 - -43) + 32.
-5
What is the value of 20 + 4 + -8 - (-3 - -4 - -7)?
8
Calculate (479 - 499) + -5 + 32 + -2.
5
What is the value of 175 + -59 + 73 + -30 - 39?
120
Calculate 8 + -73 + 61 + -70.
-74
What is -21 + -65 + 9 - 6?
-83
What is the value of (0 + -28 - 5) + 5 + (-8 - -4)?
-32
(-38 - -46) + -27 - -31
12
What is 1 + -3 + 0 - (-95 - (147 - 218))?
22
Calculate -30 - (6 + -33) - (-38 + 8).
27
Evaluate 0 + 20 - -30 - 53.
-3
What is the value of (95 - (32 - 37)) + -38 + -42?
20
What is 4 + -42 - (158 + -162) - -39?
5
What is 4 + (52 - 15) + 7 + 9 + -9 + -7?
41
What is (-9 - 4) + -3 + 0 + -1531 + 1514?
-33
Calculate 0 + 11 + -1 + 62 + (35 - 131).
-24
What is the value of 8 + -4 + -2 - (9 + (16 - 5))?
-18
(13 - 35 - -27) + 17 + 12
34
(-31 - (-46 - -89)) + 106
32
What is 15 - (-2 + -3 + 5) - (124 + -134)?
25
What is the value of -28 - (-27 + 36 + -11) - -34?
8
Evaluate 2 + (-19 - -29) + (2 - (-5 + 12)).
7
Calculate 4 + -16 + 24 + -14 - (-86 + 4 + -2).
82
What is the value of 202 + -191 + (31 - 0)?
42
-8 + 39 + 11 + 10 + -7
45
What is -4 + -1 - (30 + -44 + -22)?
31
What is 6 + -60 + 30 + 25 + 0 + 28?
29
What is the value of (-21 - 3 - -93) + -11?
58
What is 30 + -14 - (25 + 24 + (1 - 11))?
-23
What is 34 + 189 + -217 + 1 + -1 + -32?
-26
Evaluate 46 + -5 + 3 - (-132 - -123).
53
27 + (19 - (21 + -68 + 16))
77
Calculate (-28549 - -28590) + (-24 - (-1 - -1)).
17
What is 72 + -82 + (-36 - -146)?
100
What is 14 - (68 - 19 - 43)?
8
What is the value of (-14 - (-5 + 23 + -76)) + -4?
40
Calculate -1 + (-5 - (-19 - 4)) + (-4 - 2) + 10.
21
-94 + 5 + 0 + 77 + -72 + -8
-92
-4 - ((-22 - -11 - -1) + 0) - (37 - -81)
-112
What is (-21 + 7 + 9 - (-7 + 20)) + 51?
33
What is the value of (1 - 3 - -16) + (87 + 32 - 34 - -35)?
134
(-3 - (1 - -1 - 4)) + 11 + 248 + -295
-37
Evaluate 46 + (2 - 36) + 66.
78
What is the value of 44 + (77 - 46 - 69)?
6
What is the value of (18 - -23 - (21 - -8)) + -8?
4
Calculate -59 + (90 - 20) - (-43 - 5).
59
Calculate (-30 - (-7 - 1)) + (6 - 2 - -106).
88
Calculate -15 + (-10 - -8) + 64 + -73 + (11 - -1).
-14
Evaluate -14 + (30 - ((14 - 31) + 41)).
-8
What is the value of 110 + -132 + (20 - -107)?
105
Calculate 14 - (91 + -81 + 48).
-44
Evaluate -14 + (0 - -4) + 0 + (54 - 71).
-27
(1366 - 1337) + (-12 - 1) - -24
40
Calculate 5 + (6 - 4 - 4 - (-6 + 8)) + 40.
41
Calculate 100 + (208 - 84) + -244.
-20
Evaluate (-52 - -163) + -106 + (-1 - 38).
-34
What is (-187 - -148) + -124 - -146?
-17
What is 49 + (53 + -138 - -2)?
-34
Evaluate -8 - (-17 - ((-35 - -16) + 72)) - (2 + 6).
54
What is the value of (39 + -14 - (0 + -13)) + 52?
90
Calculate (6 - (-5 - -2)) + (-55 - -1) + 42 + 82.
79
Calculate -240 + 226 + (-2 - (-1 - -14)).
-29
Calculate (125 + -152 - (4 + -112)) + -22.
59
Calculate 18 - (-36 + (22 - 8)).
40
Evaluate -2 + 5 - ((4 - 68) + -12 + 26 + -17).
70
Calculate -13 - ((21 - 4) + -48 + 90 + -30).
-42
Evaluate -7 + (-1 - 132) + -32 + -74 + 127.
-119
-9 + 119 + -136 + -34
-60
Calculate -77 - (-21 + -100 + 93 + (2 - -20)).
-71
What is the value of 69 - (1 + 2 - ((-21 - -65) + -45))?
65
What is (-143 - (-160 - 19)) + 2 + -69?
-31
92 - 139 - (1 + -3 + -10)
-35
What is the value of 106 + 108 + -202 - (-3 + 3 - 0)?
12
What is the value of -44 - (-70 - (41 + -111))?
-44
Evaluate 1 + 6 - ((6 + 16 - -27) + -23).
-19
-36 + -97 + 64 + 8 + -2
-63
What is the value of 1 - (2 - 1) - (2 + -12 + 53 + 2)?
-45
What is the value of 10 - (1 + 0 - (-7 + (29 - (-14 + 46))))?
-1
-57 + 83 + 7 + (-6 - (-6 + 6))
27
What is 1387 + -1358 + (2 - -5)?
36
Calculate (-119 - -48 - -122) + -46.
5
38 + -119 + (80 - 26)
-27
What is the value of -1 - 54 - (1031 + -1017 + -2 + 4)?
-71
Evaluate 31 - (-86 + 59 - -28).
30
-42 + (-5 - -7) - (34 + -17)
-57
Evaluate 6 + 1 + (-21 + -60 + 11 - 12 - 7).
-82
Calculate -480 + 414 - (6 - 56).
-16
-1 + 7 - (147 - 134) - -26
19
Calculate -68 - -179 - 84 - 35.
-8
77 - -24 - 124 - -85
62
Evaluate 0 + ((-1 - -40) + (-19 + 15 - -2) - 3).
34
Calculate -11 + 3 + -2 - (23 - (30 - 51)) - 10.
-64
Calculate 0 + -47 - (-143 + 115) - 28.
-47
What is the value of 7 + 48 + 6 + (4 - 3 - 19)?
43
Evaluate 2 + 46 + 1 - ((10 - -6) + -14 + 1).
46
58 + (15 + -14 - (1 + 6 + 3))
49
Evaluate -29 + (64 - 29) + 14 + -58.
-38
Calculate 40 + (-1 - -3) - (-1 - 14 - (129 + -134)).
52
What is the value of -54 - (-16 - (7 - (24 - 11) - (5 + 3)))?
-52
What is 24 - (-2 + 95 + -18 + (-3 - -25))?
-73
-7 - (-3 + (9 - 1) - 19)
7
What is -58 + (23 - -8) + 20?
-7
Evaluate (44 - 129) + 73 - (66 + 2).
-80
4872 + -4881 - (-3 + -62 + 0)
56
What is -53 - (7 - (-20 - -50))?
-30
Evaluate -25 + (1 + -3 - (1 + -1)) + (-6004 - -6004).
-27
4 - (16 + (13 - 8 - 12) - -17)
-22
28 - (54 + -94 + -7)
75
Evaluate -67 + 94 - ((8 - 12 - 3) + 24).
10
(8 + -31 - (-52 - -59)) + (-3 - -3)
-30
-18 - 10 - (3 - -15)
-46
What is the value of -1 + -22 + 432 + -414 - -15?
10
What is the value of 34 - (-33 + 40 - (6 + (1 - 4)))?
30
What is the value of -30 + (-31 - -24) + -5?
-42
Evaluate 49 + -28 + 36 + -56 + 17.
18
Evaluate 0 + 6 - (-20 + 12) - -1 - 66.
-51
Calculate (-11 - (-10 + -5 + 3)) + 27 + 14.
42
What is -2 - 3 - (2080 - 2003) - (1 - 9)?
-74
9 - (16 + 28 + 7 - (4 + -14))
-52
104 - (1 - 3 - (-12 - -1) - (-2076 - -2078))
97
What is -26 + -15 + -10 - -29 - (-83 - 1)?
62
What is (55 + (0 - 14 - -11) - 2) + -2?
48
What is 39 + -33 + (-4 + 3 + -3 - -29)?
31
What is the value of -1 + -54 + (215 - (243 + -47))?
-36
(2 - -8) + (14 - (-13 + -13 + (7 - -75)))
-32
Evaluate -2 + 0 + (-8 + (-3 - (11 - 30)) - 29).
-23
3 + -2 + -65 - ((9 - (-2 - 4)) + -15)
-64
1211 + -1156 + -1 + 11
65
682 + -717 - (0 + -11